 -4*o + 13, 0 = -3*r - 2*o + 6. Let d be 2/r - 297/(-2). Is d/(-2)*(-1 + -1) composite?
False
Suppose -16 = -4*d - 4*d. Suppose 0*y + d*g - 6449 = -3*y, -4*y + 8622 = -2*g. Is y a composite number?
False
Let w(c) = -1263*c - 5. Let h(f) = -3*f - 1. Let o(q) = -6*h(q) + w(q). Is o(-20) prime?
False
Suppose 6 = -3*i + 9. Let l(u) = -32*u - 63. Let s be l(-24). Is s - i*(-2 + 1)*-2 a prime number?
False
Let z(m) = -6*m**3 - 4*m**2 - 33*m - 2. Let h be z(-13). Is ((-4)/6)/((-18)/h) prime?
True
Let h(d) = 152*d**2 - 19*d - 79. Let z(s) = 153*s**2 - 21*s - 78. Let t(q) = 5*h(q) - 4*z(q). Is t(9) a prime number?
False
Let v(o) = 336*o**3 + o**2. Let t = 31 - 40. Let y(a) = a**2 + 7*a - 17. Let d be y(t). Is v(d) prime?
True
Let s be (-116154)/(-21) + (-1)/7. Suppose 2*y + 2*y - 7380 = -4*l, 3*l + 5*y = s. Is l a composite number?
False
Suppose 53*g - 18217811 = 6*g. Is g a composite number?
False
Let z = -210 - -219. Let c(w) = 61*w**2 - w + 5. Is c(z) a composite number?
False
Let b = -8951 + 12905. Let h = b + -1233. Is h composite?
True
Suppose -2*j - 6 + 1 = -3*l, -4*j - 4*l = 0. Is (2 + 2)*j*1285/(-10) composite?
True
Let j = 19631 + -12791. Let h = -1713 + j. Is h prime?
False
Suppose -4 + 14 = -5*w. Let i(c) = -4602*c**2 + 4605*c**2 - 2 + 1 + 2*c - 323*c**3. Is i(w) a prime number?
True
Let j = 623809 - 405996. Is j composite?
True
Let u(f) = 9*f**2 - 4*f - 1. Let j be u(-1). Suppose -j*s - 18715 = 4301. Let z = 177 - s. Is z prime?
False
Let s(u) = -3052*u - 21. Let k be s(2). Let w = 10472 - k. Is w prime?
False
Let l = 1362 + 13304. Let b = -9637 + l. Is b a prime number?
False
Suppose -2*k - 35*d + 32*d = 18196, -k - d = 9100. Let s = 29109 + k. Is s prime?
False
Let s(y) be the first derivative of 65*y**4/4 + 3*y**2/2 - 4*y - 14. Let k be s(4). Suppose -3*t - 5*t = -k. Is t a prime number?
True
Suppose 80 - 32 = 16*s. Is (62 - s)/(11/77) a composite number?
True
Let n(c) = -c**3 - c**2 - 2*c - 225. Let m be n(0). Suppose y - 2*a - 322 = 0, -5*a = y - 7 - 301. Let r = y + m. Is r a prime number?
False
Suppose -16*q + 7724 + 12404 = 0. Let n = -671 + q. Is n a composite number?
False
Let l be 2 - 3/6 - (-15)/10. Suppose -13*f + 8*f = 2*q - 37924, -l*q + 4*f = -56909. Is q a composite number?
True
Let c(w) be the second derivative of 2065*w**3/6 - 13*w**2/2 - 155*w. Is c(4) prime?
False
Let v(d) = 14132*d**2 + 62*d + 37. Is v(-3) composite?
True
Let c(m) = -19*m**3 - 18*m**2 + 17*m + 68. Let f be c(-21). Suppose 36*n - f + 31256 = 0. Is n composite?
True
Suppose -3*x - 5*s = 12, x + s = -0*x - 2. Is 6984/28 + x - (-4)/7 a prime number?
True
Let d be (0 + 2 - 0) + 3. Suppose -131*o + 423 - 30 = 0. Suppose o*u = f - u - 259, 0 = d*f - 5*u - 1310. Is f prime?
True
Let n(t) = 1811*t**2 + 104*t - 1079. Is n(10) a composite number?
False
Let p(m) be the third derivative of -m**6/120 + m**5/4 - 5*m**4/12 - 3*m**3/2 - 14*m**2. Let i be p(14). Suppose -51*v = -i*v - 3476. Is v composite?
True
Let m be (-1)/(1*1/(-2)). Suppose -4*v + m + 6 = 0. Is v + 3 + -1 + 549 composite?
True
Let c = 918 + 1641. Suppose -37*d = -38*d + c. Is d prime?
False
Let o be 2*3/(2/(-4) - -2). Suppose o*c = 3*c + 3. Suppose c*m = m + 794. Is m prime?
True
Let q(x) = 4765*x**3. Let t(g) = -4*g - 63. Let n be t(-16). Is q(n) composite?
True
Is ((-6)/3)/(-2)*(-1569365)/(-35) a composite number?
False
Let u(r) = 103 + 275*r - 319*r + 700*r + 291*r. Is u(18) prime?
False
Let v be 7183 + 0/(1 - -1). Let y(g) = 58*g**2 - 74*g + 10. Let f be y(-8). Suppose 0 = -5*j - 4*q + v, 3*j + q = -0*q + f. Is j prime?
True
Suppose -4*o = 7*q - 60567, -2*q + 7781 + 9529 = -4*o. Is q a prime number?
False
Let s be (999 + -2 + -1)*1. Suppose -4*v + s = -2*v. Suppose 5*u - v = 217. Is u composite?
True
Let s = 77 + -71. Let n be 5/15 - (-2176)/s. Let a = 514 + n. Is a composite?
False
Let v = -17 + 17. Suppose v = -2*d - 2 + 20. Suppose -i + 4470 = d*i. Is i prime?
False
Let t be (168/12)/(4 - 2). Suppose 7*q - t = -0*q. Let u(a) = 143*a + 2. Is u(q) a composite number?
True
Let s be (12/18)/(-2)*-9. Suppose -2*u - s*b + 31669 = 0, 4*u - 40713 - 22637 = -2*b. Is u a composite number?
True
Let i(z) = 15*z**2 - 49*z + 93. Is i(45) prime?
False
Let d = -3184 - -5389. Suppose -d = 8*z + z. Let r = z + 378. Is r a prime number?
False
Suppose 1120 = 20*q - 0*q. Let y = 217 - q. Is y prime?
False
Let n be (-8 + 9)*30152*(0 + 1/2). Let h = 0 - 0. Suppose -8*u + 740 + n = h. Is u a prime number?
False
Suppose 220*i + 372 = 34*i. Suppose -v = 4*d + 4139, -2*d - 6232 - 10338 = 4*v. Is (v/3 + 2)*-1 - i a prime number?
True
Let j be (-5 - -3)*(-8 + -381). Let l = -485 + j. Is l a prime number?
True
Let r(b) = 55*b**3 - 5*b**2 + 5*b - 2. Let c be r(4). Suppose 83*i + 51 - 466 = 0. Suppose 4817 = i*l - c. Is l a prime number?
False
Suppose 0 = 5*g - 5*t + 21576 - 108031, -4*t + 69164 = 4*g. Is g composite?
False
Let t(n) = 7*n**2 - 15*n - 48. Let r(q) = -11*q**2 + 23*q + 72. Let x(l) = -5*r(l) - 8*t(l). Let h be x(9). Is ((-1034)/3)/(1*8/h) composite?
True
Suppose -7*s + 4068 = 36051. Let g = 12742 + s. Is g prime?
False
Suppose 10*b = 29 - 59. Is (b + (-52)/(-13))*5039/1 composite?
False
Let c = -113 - -121. Let t(b) = 2*b**2 - 6*b - 22. Is t(c) a prime number?
False
Let b be (24*(-3)/21)/(2/(-21)). Let z = b - 52. Is ((-2780)/z)/1*4 a composite number?
True
Suppose 5 = 2*l + 5*y + 19, -38 = -6*l + 5*y. Let g(t) = -t + 12. Let h be g(7). Suppose 3*u - 6*u - 7821 = -l*q, q + h*u = 2583. Is q a composite number?
True
Let u = 37809 + -13150. Is u prime?
True
Let h = 9400 + -43248. Let v = -20919 - h. Is v a composite number?
True
Let s be 1/(2991/(-1496) + 2). Let k = 12751 - s. Suppose 1351 = 5*d - w - k, -2525 = -d + 4*w. Is d composite?
False
Let c = -43 + 122. Suppose -4*k - c = 5. Let i = 94 - k. Is i composite?
True
Suppose 0 = 2*j - 3*n + 55, -5*j - 2*n - n - 85 = 0. Let g = 24 + j. Suppose -703 = -g*i - 75. Is i a composite number?
False
Let s(q) = -2*q**3 - 4*q**2 - 7*q + 1. Let y be s(-5). Let j = 515 + -142. Let u = y + j. Is u prime?
False
Suppose 2*a = -2*g - 0*a - 52, 2*a = 5*g + 130. Let b = g - -28. Suppose -3*d + 6743 = d + 3*r, -5053 = -3*d + b*r. Is d composite?
True
Suppose -2*g - 8*m = -4*m - 232078, 3*g - m - 348061 = 0. Is g a composite number?
True
Suppose -103*x = -56*x - 1179841. Is x a prime number?
False
Suppose -2*k + k - 358 = 2*t, t - 2*k + 179 = 0. Let g = 306 + t. Let x = g - 58. Is x prime?
False
Suppose 3*j + 15 = 2*y - 0*j, 5*y = -2*j + 28. Let i(c) = c**2 - 11*c + 32. Let f be i(y). Suppose -f*g - 4972 = -14138. Is g a composite number?
False
Suppose -36*q + 5*q + 7316 = 0. Is ((-5355)/(-70))/(2/q) + -4 a prime number?
False
Let z(q) = 808*q**2 - 2*q + 1. Let n be z(3). Let v = -15394 - -10966. Let x = v + n. Is x a composite number?
True
Let g(d) = 3*d**2 - 41*d + 41. Suppose 8*a + 23*a - 992 = 0. Is g(a) a composite number?
False
Let v(c) = c + 23. Let k be v(-19). Suppose -3*u = -k*p + 281, -p - 269 = 3*u + p. Is (-65233)/u + 2/13 a composite number?
True
Let s(n) = -2*n**3 + 22*n**2 + 68*n - 74. Is s(-15) a prime number?
False
Let j be (-20)/(-6) - -5*(-2)/(-15). Suppose c - j = 2*u + 3*c, 5*u + 2*c = -4. Suppose -2*a + h = -46, h + 3*h = u. Is a composite?
False
Suppose 4*n = 4*j - 39 + 11, 0 = 5*j - 15. Is (-5)/1 + n + 4516 composite?
False
Let t be 24/(-60) - (-193)/(-5). Suppose 0 = 4*g - 0*b - b + 229, 0 = -2*g - 2*b - 122. Let m = t - g. Is m a prime number?
True
Let h(g) = 2279*g**2 + 45*g - 151. Is h(4) a composite number?
False
Let p(s) = 190*s - 34. Let g be p(-12). Let a = g - -1187. Let k = -541 - a. Is k a composite number?
True
Let f = -16888 - -40192. Is (-535)/(-107) + f/2 composite?
False
Let j(q) = 162*q**2 - q - 4. Suppose -22 - 10 = -4*p - 5*z, -4*p - 4*z = -28. Is j(p) prime?
True
Is (-1523012)/5*115/(-92) composite?
False
Let w(q) = 15 + 3*q - 4*q - q**2 - 6*q. Let m be w(-8). Is (2/4)/(m/14126) a composite number?
False
Let o be (-20)/(-70) - 552/21. Is (-78)/o + (88 - 0/(-2)) a prime number?
False
Let x(g) = -g**3 + 14*g**2 + 63*g - 17. Is x(-20) prime?
True
Let l(a) = 579*a + 9. Let z be l(4). Let y = z - 1583. Suppose -20*j = -22*j + y. Is j a prime number?
False
Let q(u) = -3*u + 30. Let i be q(6). Suppose s - 5736 = -d, 4*s - i*d - 22947 = 